Let r be 794/9 + m/(-36). Suppose -3*f + r = i + 3*i, f = 3*i - 79. Calculate the remainder when i is divided by 7.
4
Let x(b) = -5*b - 32. Calculate the remainder when 81 is divided by x(-12).
25
Let z be (-1512)/(-16) + (-2)/(-4). Suppose 0 = 2*r - 5*x - z, 2*r = 3*x + 62 + 43. Let g = 21 - 0. Calculate the remainder when r is divided by g.
18
Let a = 6190 + -6169. Suppose 0 = -4*i + 5*i - 104. Calculate the remainder when i is divided by a.
20
Let s(o) = -4*o - 7. Let g(a) = -5*a - 6. Let v(d) = -2*g(d) + 3*s(d). Suppose 2*h + 3 + 21 = 0. Calculate the remainder when v(h) is divided by 4.
3
Let r(t) = -t**3 + 8*t**2 - 12*t - 3. Let n be r(6). Calculate the remainder when (-7)/((-2 - n)/(-8)) is divided by 2/(-4)*(-62 - -4).
27
Suppose z = 3 + 56. What is the remainder when z is divided by 32?
27
Suppose 2*w - 47 - 161 = 0. Suppose 34 = -5*b - 4*x + 93, 0 = 5*b + 2*x - 67. What is the remainder when w is divided by b?
14
What is the remainder when 28 + (7 - -2) + -7 is divided by 14?
2
Let l(g) = -2 - 14*g + 2*g - 56*g - 26*g. Let i be l(-4). Suppose 6*m - i = 112. Calculate the remainder when m is divided by 21.
18
Calculate the remainder when 25 is divided by (5 - 3)*(4 - -4).
9
Let u(a) = a**2 - 6*a - 5. Let t be u(7). Let s be t/6 + (-8)/(-12). Let w = s + 10. Calculate the remainder when 42 is divided by w.
9
Let m = 105 - 82. Let l = 3 - 5. Calculate the remainder when m is divided by (8/(-10))/(l/20).
7
Let i(x) = -x**2 - 7*x + 27. Let m be (80/(-15))/(-4)*-6. Calculate the remainder when 71 is divided by i(m).
14
Let q = -750 + 1457. What is the remainder when q is divided by 20?
7
Let r(b) = 2*b**2 - 3*b - 1. Suppose -3*p - 3*y = -78, 5*y - 23 = -2*p + 23. What is the remainder when p is divided by r(3)?
4
Let g = 9 - -1. Let t = 26 + -14. Let q = t + 37. What is the remainder when q is divided by g?
9
Let m(f) = f**2 - 24*f - 16. What is the remainder when 116 is divided by m(25)?
8
Suppose 0 = l - 28 + 1. Suppose -3*a = 9, -4*v - 61 - 96 = -a. Calculate the remainder when l is divided by (9/2)/((-12)/v).
12
Let k be (-92)/(-14) + 27/63. Suppose 0 = 12*l - k*l - 105. Calculate the remainder when 61 is divided by l.
19
Let t = 14 - -148. What is the remainder when t is divided by 55?
52
Let s be 1068/(-14) - (-16)/56. Let f = -6 - s. Suppose -n - n = -f. What is the remainder when n is divided by 12?
11
Suppose 71*x = 5*l + 74*x - 1143, -5*l = 4*x - 1139. Calculate the remainder when l is divided by 58.
57
Let s be ((-40)/25 - -1)/((-1)/5). Suppose s*h + 15 = 5*b - 2*b, -5*b = 4*h - 70. Calculate the remainder when 15 is divided by b.
5
Let t = -13 - -27. What is the remainder when t/(-4)*(-340)/35 is divided by 12?
10
Suppose -5095*r = -5096*r + 96. Calculate the remainder when r is divided by 3.
0
Let h be (-6)/(-4) - 18/4. Calculate the remainder when (-59)/h - (-14)/(-21) is divided by 5.
4
Suppose 2*m - 77 = -2*k - 25, 4*k - 29 = -m. Let z = m + -23. Suppose 72 = 2*s + 2*r, -r - 4 = -z*r. Calculate the remainder when 126 is divided by s.
30
Let z be (-4)/(-34) - 19/17. Calculate the remainder when (z/2)/(33/(-4686)) is divided by 8.
7
Suppose 49*u - 3 = 48*u. What is the remainder when 10 is divided by u?
1
Let w = -114 + 228. What is the remainder when w is divided by 47?
20
Suppose 0 = -11*u + 1548 - 1141. Let y(v) = 4*v. What is the remainder when u is divided by y(5)?
17
Suppose 68 = 3*u + f, -f + 70 = 3*u + f. Let x = -17 + u. What is the remainder when 12 is divided by x?
2
Let w be (0 - 68/(-18)) + 6/27. Suppose -g + w + 7 = 0. What is the remainder when 18 - (-1 + (-1 - -1)) is divided by g?
8
Let h be 2/5 + 6/(-15). Let r(g) = -g**2 + 26. Let f = -11 - -59. What is the remainder when f is divided by r(h)?
22
Suppose -3*a + 3*t + 0*t = -9, 5*t = -4*a - 6. Let v = 5 + a. What is the remainder when (v + 1)*(-1 - -7) is divided by 11?
9
Let f(u) = 24*u + 4. What is the remainder when f(5) is divided by (8/(-16))/((4/48*3)/(-21))?
40
Suppose -3*x + 69 = 12. Suppose -12*m - 840 = -24*m. Calculate the remainder when m is divided by x.
13
Suppose 4*v = v - 2*v. Let z = 31 + -19. Calculate the remainder when 46 is divided by z/12*(v - -12).
10
Suppose 2*r = 268 + 344. Suppose -n + 3 = 0, -5*n + 19 = -10*w + 6*w. Calculate the remainder when (w/(-3))/(3/r) is divided by 12.
10
Let k = 12 + -7. Suppose o + 27 = -k*i, -5*o + 4*i + 15 = 5. Calculate the remainder when 12 is divided by 2*(o - 27/(-6)).
2
Suppose 4*u - 5*y - 91 - 127 = 0, -y = 3*u - 154. Calculate the remainder when u is divided by 37.
15
Let q = -29 - -27. What is the remainder when 222 is divided by 4 + 25/(-5) - (q + -31)?
30
Let l = 49 + -38. What is the remainder when 3*2/27 + 484/9 is divided by l?
10
Let b(k) = 20*k - 110. What is the remainder when b(39) is divided by 11?
10
Suppose 0 = g - 2*g + 2*c - 11, -4*g + 4*c = 28. Let j be g + 3 + -4 + 3. Let i(s) = 40*s**2 - s - 1. Calculate the remainder when i(j) is divided by 21.
19
Suppose -2*r - 2*h = 8, -2*h - 2*h = -4*r - 24. What is the remainder when (-1)/((-1)/(-22)*(4 + r)) is divided by 11?
0
Let a(n) = n**3 - 56*n**2 + 55*n + 88. What is the remainder when 248 is divided by a(55)?
72
Suppose 3*y = -b + 4*b + 222, 5*y - 375 = 4*b. What is the remainder when 310 is divided by y?
73
Suppose 3*q - 2*c - 496 = 0, -122*c + 124*c - 512 = -3*q. What is the remainder when q is divided by 7?
0
Suppose 146*o - 177*o = -1271. What is the remainder when 241 is divided by o?
36
Suppose 14*d - 10 = 12*d. Let j = 9 - d. What is the remainder when j is divided by 4?
0
Calculate the remainder when (110/(-4))/(2/(-4)) is divided by 1.
0
Suppose q = -2*o - 4, 4*o - 4 = -12. Suppose -6*u - 2*u + 184 = q. Let y = 9 - -59. What is the remainder when y is divided by u?
22
Let j be 1/(3 - 80/28). Let n(t) = -t + 9. Let r be n(j). Suppose -4*s = -r*s - 6. What is the remainder when 6 is divided by s?
0
Suppose 6*r - 3*r + s - 81 = 0, -3*s = -5*r + 135. Let n(x) = -25 + 3*x + 22 + 6*x - x**2 + 2*x. Calculate the remainder when r is divided by n(10).
6
Let i(j) = j - 2. Let z(q) = -q**2 + 21*q - 18. Let u be z(15). Calculate the remainder when (-2)/(-7) + u/42 is divided by i(3).
0
Let w = -112 - -167. Suppose 97*i + 103*i = 47*i + 16218. What is the remainder when i is divided by w?
51
Let q = 2 + 30. Suppose 2*u + y - 13 = 0, 0*u - 2*u = 2*y - 8. Calculate the remainder when q is divided by u.
5
Suppose -112 = 11*n - 15*n. Let p(i) = i**2 + 4*i - 14. Let w be (-26)/2 - (-14)/14. What is the remainder when p(w) is divided by n?
26
Let p = 1486 - 986. Suppose 4*q - 402 = -2*i, 5*q + 3*i = -2*i + p. Let j(b) = 26*b**2. Calculate the remainder when q is divided by j(-1).
23
Suppose 3*c + 42 = -0*c. What is the remainder when 61 is divided by ((-25)/2 - -2)*(c - -12)?
19
Let j be (-1 - -8) + (-22)/11. Suppose j*a = -r + 19, -2*r - 29 = 2*r - a. Calculate the remainder when 25 is divided by ((-26)/4)/(3/r).
12
Let u(m) = -4*m + 6. Let b be u(-1). Suppose 0 = -3*q - 2*o + 137, 2*o + b + 25 = q. Calculate the remainder when 298 is divided by q.
40
Suppose 2*r + 432 = 14*r. What is the remainder when 610 is divided by r?
34
Let j(g) = -7*g**3 + 1. Let y be j(1). Let u(o) = 2*o**2 + 14*o + 30. What is the remainder when 143 is divided by u(y)?
17
Let u(x) = -10*x + 186. Calculate the remainder when 100 is divided by u(18).
4
Let s be 1*(-32 - 3/(-1)). Let i = s + 79. What is the remainder when i is divided by 13?
11
Suppose 3*d - 10*d + 1491 = 0. What is the remainder when d is divided by 12?
9
Suppose -3*w + 148 = -x, -8*w + 204 = -4*w + 2*x. Calculate the remainder when w is divided by 8.
2
Calculate the remainder when (-147)/245*-5*173 is divided by 26.
25
Suppose 2*q + 105 = -q. What is the remainder when 91 is divided by 158/5 + ((-168)/q)/(-8)?
29
Suppose 6*x + 726 = 9*x. What is the remainder when x is divided by 61?
59
Let h(s) = -4*s**2 + 6 + 11*s**2 + 2*s - 5. Suppose 0 = 5*i - 32 - 68. What is the remainder when i is divided by h(-1)?
2
Suppose 0 = -20*a + 893 + 2387. Calculate the remainder when a is divided by 12.
8
Let b = 24 + -11. Let f be (104/16)/(1/(-2)). Let q = 50 + f. What is the remainder when q is divided by b?
11
Suppose 5*g + 12 = 77. Let n be (-8)/20 + (-108)/(-20). Suppose 5 = -c + 2*c + 5*l, l - 121 = -n*